 number?
True
Is 7607 a prime number?
True
Is 5639 prime?
True
Is 281717 a prime number?
True
Is 286163 prime?
True
Is 19354 a prime number?
False
Is 24643 composite?
True
Is 4765 a composite number?
True
Is 46219 a prime number?
True
Is 2153693 prime?
True
Is 7121 prime?
True
Is 211 prime?
True
Is 1631 prime?
False
Is 23314 a prime number?
False
Is 1973 prime?
True
Is 82339 composite?
False
Is 1409 a composite number?
False
Is 89689 a composite number?
False
Is 46301 a prime number?
True
Is 3077 a prime number?
False
Is 960781 a composite number?
True
Is 7949 a composite number?
False
Is 885449 a prime number?
True
Is 1182253 a prime number?
True
Is 23105 composite?
True
Is 136393 prime?
True
Is 284327 composite?
True
Is 2149 a prime number?
False
Is 99547 prime?
False
Is 474899 prime?
True
Is 1559 composite?
False
Is 3035 a prime number?
False
Is 93101 a prime number?
False
Is 23363 composite?
True
Is 27329 prime?
True
Is 5189 prime?
True
Is 15757 a composite number?
True
Is 199 a prime number?
True
Is 235255 composite?
True
Is 1874 a composite number?
True
Is 2365993 prime?
False
Is 116241 composite?
True
Is 5209 a prime number?
True
Is 87577 prime?
False
Is 106 composite?
True
Is 63619 composite?
True
Is 8654 a composite number?
True
Is 2861 prime?
True
Is 27049 a prime number?
False
Is 4153 composite?
False
Is 24329 a prime number?
True
Is 124087 composite?
False
Is 203183 a prime number?
True
Is 53693 composite?
False
Is 3563 a composite number?
True
Is 7571 a prime number?
False
Is 2251 a composite number?
False
Is 876371 composite?
False
Is 2207143 prime?
True
Is 3016281 composite?
True
Is 35201 a composite number?
False
Is 46105 prime?
False
Is 13381 a prime number?
True
Is 42589 composite?
False
Is 56759 a prime number?
False
Is 19961 a prime number?
True
Is 955 composite?
True
Is 55871 a prime number?
True
Is 3191 a composite number?
False
Is 3341 a composite number?
True
Is 507247 a composite number?
True
Is 203807 a composite number?
False
Is 2931 a prime number?
False
Is 86017 prime?
True
Is 1693 composite?
False
Is 269089 composite?
False
Is 4049 a composite number?
False
Is 3750697 prime?
True
Is 415463 a composite number?
True
Is 95857 a composite number?
False
Is 28471 composite?
True
Is 191099 composite?
False
Is 176591 a prime number?
True
Is 391 a prime number?
False
Is 1084987 a prime number?
True
Is 2305826 composite?
True
Is 5581 prime?
True
Is 106439 prime?
False
Is 567851 a composite number?
True
Is 27901 a prime number?
True
Is 371447 a prime number?
True
Is 1610561 a prime number?
True
Is 108209 prime?
False
Is 59483 composite?
True
Is 22499 a composite number?
True
Is 13835 composite?
True
Is 9293 a composite number?
False
Is 156323 a prime number?
False
Is 15227 a prime number?
True
Is 111019 a composite number?
True
Is 712393 composite?
True
Is 49661 a composite number?
True
Is 8101 a composite number?
False
Is 283055 composite?
True
Is 180381 a composite number?
True
Is 661849 a composite number?
False
Is 6113 composite?
False
Is 1253 a prime number?
False
Is 687119 a composite number?
True
Is 29461 a prime number?
False
Is 8879 a composite number?
True
Is 12227 a prime number?
True
Is 1189 a prime number?
False
Is 186889 a composite number?
False
Is 79793 a prime number?
False
Is 34585 prime?
False
Is 7603 a prime number?
True
Is 17291 a composite number?
False
Is 3943 composite?
False
Is 475283 prime?
True
Is 26759 prime?
True
Is 20441 a prime number?
True
Is 6371 composite?
True
Is 40873 a prime number?
False
Is 88169 prime?
True
Is 451093 prime?
True
Is 18429 a composite number?
True
Is 21427 prime?
False
Is 730523 prime?
False
Is 6229 a prime number?
True
Is 6502 composite?
True
Is 2513 prime?
False
Is 736643 composite?
True
Is 64793 a composite number?
False
Is 23227 composite?
False
Is 144323 prime?
True
Is 187823 a prime number?
True
Is 44953 a composite number?
False
Is 2053 composite?
False
Is 28471 prime?
False
Is 7721 a composite number?
True
Is 296537 a composite number?
True
Is 108517 a composite number?
False
Is 78266 a prime number?
False
Is 30541 a composite number?
True
Is 22807 prime?
True
Is 353357 composite?
True
Is 2179 prime?
True
Is 469529 a prime number?
True
Is 15371 a prime number?
False
Is 1787921 a composite number?
True
Is 37633 prime?
True
Is 19121 a prime number?
True
Is 348805 a composite number?
True
Is 8278 composite?
True
Is 185917 a prime number?
True
Is 1002403 a prime number?
True
Is 15955 composite?
True
Is 252935 prime?
False
Is 706765 composite?
True
Is 356299 prime?
True
Is 49253 a prime number?
True
Is 54083 composite?
False
Is 7409 composite?
True
Is 20059 prime?
False
Is 226591 prime?
False
Is 134167 composite?
True
Is 130733 a composite number?
True
Is 16917 a prime number?
False
Is 2921 composite?
True
Is 549817 prime?
True
Is 96539 composite?
True
Is 77483 prime?
False
Is 309923 a prime number?
False
Is 17074 a prime number?
False
Is 12842 a composite number?
True
Is 129335 composite?
True
Is 5381 a composite number?
False
Is 275647 prime?
False
Is 201559 a prime number?
False
Is 5539 a composite number?
True
Is 190753 a composite number?
False
Is 3679 prime?
False
Is 116089 prime?
True
Is 30593 a composite number?
False
Is 6689 a composite number?
False
Is 7747 composite?
True
Is 42787 composite?
False
Is 142523 prime?
False
Is 162343 a composite number?
False
Is 308413 prime?
False
Is 1708033 a composite number?
False
Is 6907 a composite number?
False
Is 2413 composite?
True
Is 59935 composite?
True
Is 698 composite?
True
Is 1387913 a prime number?
True
Is 72827 composite?
True
Is 7841 prime?
True
Is 21247 composite?
False
Is 328917 a prime number?
False
Is 35797 a composite number?
False
Is 21631 composite?
True
Is 176273 prime?
False
Is 2729 composite?
False
Is 1283 prime?
True
Is 19457 a composite number?
False
Is 13303 a composite number?
True
Is 379 a composite number?
False
Is 8509 a prime number?
False
Is 6737 prime?
True
Is 78179 composite?
False
Is 7753 prime?
True
Is 4119 composite?
True
Is 30983 prime?
True
Is 59441 a composite number?
False
Is 13253 prime?
False
Is 156487 a composite number?
False
Is 109207 a prime number?
False
Is 239699 prime?
True
Is 2459 a prime number?
True
Is 65777 a prime number?
True
Is 6547 prime?
True
Is 217599 a composite number?
True
Is 327 a prime number?
False
Is 95047 a composite number?
True
Is 9601 a composite number?
False
Is 79 composite?
False
Is 854213 a prime number?
True
Is 78158 prime?
False
Is 83438 composite?
True
Is 6823 prime?
True
Is 17147 prime?
False
Is 447 prime?
False
Is 4399327 a prime number?
True
Is 217943 a prime number?
False
Is 242677 composite?
False
Is 82598 composite?
True
Is 2321 a prime number?
False
Is 254483 a prime number?
False
Is 240101 a prime number?
True
Is 20599 prime?
True
Is 5431 a prime number?
True
Is 17846 a composite number?
True
Is 24853 prime?
False
Is 57965 a prime number?
False
Is 16367 prime?
False
Is 97871 prime?
True
Is 7069 composite?
False
Is 95173 a prime number?
False
Is 2255797 a composite number?
False
Is 15307 a prime number?
True
Is 84559 a composite number?
False
Is 46667 composite?
True
Is 107243 prime?
True
Is 161281 a prime number?
True
Is 30869 composite?
False
Is 5583 prime?
False
Is 589873 prime?
True
Is 67243 a composite number?
True
Is 407651 prime?
True
Is 121687 composite?
False
Is 1605509 a composite number?
False
Is 916999 a composite number?
False
Is 17063 composite?
True
Is 688621 prime?
True
Is 3143 a prime number?
False
Is 37403 a prime number?
False
Is 5779 prime?
True
Is 208067 prime?
True
Is 279047 a composite number?
False
Is 18463 a prime number?
False
Is 29473 a composite number?
False
Is 9517 a prime number?
False
Is 6259 prime?
False
Is 106591 prime?
True
Is 105979 composite?
True
Is 97823 a prime number?
False
Is 12767 composite?
True
Is 1902707 composite?
True
Is 500833 a composite number?
True
Is 6109 a composite number?
True
Is 15253 composite?
True
Is 33443 composite?
True
Is 53519 prime?
False
Is 55579 prime?
True
Is 346013 a composite number?
False
Is 223859 a prime number?
False
Is 2371 composite?
False
Is 5384617 prime?
False
Is 124594 composite?
True
Is 80287 a prime number?
True
Is 131429 prime?
False
Is 130927 composite